mposite number?
False
Let x(c) be the second derivative of 0 + 9/20*c**5 + 13*c - 9/2*c**2 + 1/6*c**3 + 1/2*c**4. Is x(4) composite?
True
Suppose 31*m - 4317099 - 1004466 - 1966318 = 0. Is m a prime number?
False
Suppose -d + 2*b = 118 - 952, -4*b - 4152 = -5*d. Let u = -431 + d. Is u composite?
False
Let o(r) = 380*r**2 + 10*r - 43. Is o(-15) a prime number?
False
Suppose -422*v + 457*v = 16014145. Is v a composite number?
False
Suppose 3*n + 4*c - 410345 = 0, -683895 = -6*n + n - 4*c. Is (n/50)/((-2)/(-4)) a composite number?
False
Is (-8)/(-40)*(2 + -3) + 3854448/15 a composite number?
True
Let a = 145990 - 103163. Is a a composite number?
True
Let f(j) = -j**3 + 8*j**2 + 10*j - 3. Let x be f(9). Suppose -k + x*k = 15. Suppose -k*h - 2*n - 3*n + 381 = 0, 0 = n. Is h a prime number?
True
Let y = 9358 - -170493. Is y prime?
False
Let m(b) = b**3 + 71*b**2 + 177*b + 419. Is m(-56) composite?
False
Suppose 3*q = -4*j + 35985, -2*q + 17212 = -3*j - 6795. Let u = q + -480. Is u prime?
True
Let j(b) = 443*b**2 - 2*b + 7. Suppose 4*s = 4*a + 4, -3*a = -18*s + 23*s + 27. Is j(a) a composite number?
False
Suppose 4*p = 9*p - 40. Suppose 4*v + v - 6 = h, 0 = -2*h + p. Suppose -310 - 274 = -v*z - 2*t, -2*t - 1174 = -4*z. Is z a prime number?
True
Suppose 58*p = -8*p + 8897446 - 3606556. Is p a prime number?
False
Suppose 18*l - 252 = 24*l. Let q be (l/(-9))/(-1*2/267). Is (-1 - q)/(6 - 4) prime?
True
Let j(a) = 4*a + 22. Let u be j(-5). Suppose -u*m + 119 = q, -108 = 5*m + 5*q - 398. Let r = m + -58. Is r a composite number?
False
Is 2*(450972/8 + 5*(-7)/35) composite?
False
Suppose -12*g + 1061 + 427 = 0. Let t = 127 - g. Suppose -6*p + t*p + 8152 = 5*z, -4*z = -p + 2723. Is p composite?
False
Suppose -2*y - 4 = -2*i, 17 = 4*i - 2*y + 5. Suppose 4*t - r + 131 = 0, 9*r + 25 = i*r. Is t/((-552)/274 - -2) prime?
False
Let u = -321 + 474. Let k = 1987 + u. Let d = k - 1233. Is d prime?
True
Is (2602/4 + (-2 - 2))/((-114)/(-3268)) composite?
True
Let w = -962792 - -1748515. Is w composite?
True
Suppose -10 = -8*q + 3*q. Suppose y = 4*h + h - 11, q*y + h + 11 = 0. Is (-7)/14 + 1/(y/(-18981)) prime?
True
Suppose 3*a = 161 - 335. Is (29/a)/(3/(-2226)) a composite number?
True
Let p(u) = -7*u**3 + 7*u**2 + 7*u - 12. Suppose 8 = -2*z - 2. Let g be p(z). Suppose -2*f + 2977 = 3*t, -6*t + 2*f + g = -5*t. Is t a prime number?
False
Let n(g) = 61*g**2 - 9*g - 38. Let f be n(-7). Suppose f = 6*m - 1492. Is m a prime number?
True
Suppose 5*x - 129 = 576. Let o be ((2 - x) + -2)*-7. Suppose -4*h - 203 = -5*g - o, 0 = 2*h + 4*g - 366. Is h a composite number?
False
Suppose 0 = -4*t + t + 4*b + 1745713, t - 3*b = 581911. Is t prime?
False
Suppose 10*l = -2*l + 360. Let k be ((-246)/l - -7)/((-6)/(-20)). Is ((-66154)/k)/11 - (-3)/(-2) composite?
True
Suppose 8*l - 3*j + 48008 = 9*l, -3*l - 2*j + 144045 = 0. Is l composite?
False
Let o = 8242 + -5619. Suppose -t - 5*v - o = -2*t, 0 = 4*t + 4*v - 10540. Is t prime?
True
Let z be (39/6)/(2/(504/6)). Is 33 + (-42)/z + (-108)/(-26) a prime number?
True
Suppose w + 4*g + 66 = 0, 3*g + g - 304 = 4*w. Let x = w - -2575. Is x prime?
False
Let r(t) = -2622*t**3 + 5*t**2 + 98*t + 748. Is r(-9) composite?
True
Is 52154 - (-9 + 16 + -16) a composite number?
False
Suppose -204*y + 31062140 = -17313808. Is y a prime number?
True
Let t = -72578 + 131235. Is t a prime number?
True
Suppose 0 = 46*p - 9077663 - 2316123. Is p a composite number?
False
Suppose -215562 + 63601 = -3*d + 4*m, -2*m + 253225 = 5*d. Is d a prime number?
True
Suppose -5*s + 208406 = 3*d, 3*d + 647*s - 208416 = 644*s. Is d a composite number?
True
Let d = 11374 + -1481. Let n = d + 11470. Is n prime?
False
Let r(b) = -b**3 + 10*b**2 - 20*b - 9. Let y be r(7). Is (33939/(-54))/(3*y/4) prime?
True
Let q = 21755 - 12988. Is q prime?
False
Suppose 2*t = 5*i + 4, -t + 2 = -4*i + i. Suppose i = 3*a + 6, 3*m - a - 929 = 3*a. Is m a composite number?
False
Suppose -8 - 4 = -3*b. Let p be -12 - 588/(-48) - (-46)/8. Suppose 0 = 3*g - p*g - b*j + 7899, -4*j = -g + 2633. Is g a prime number?
True
Let l be (-3)/(4 - 33/6). Let b(u) = -5*u**2 + 3*u**3 - l*u**3 - 12*u - 4 + u - 7. Is b(10) a prime number?
True
Let s(u) = -5625*u + 743. Is s(-34) composite?
True
Let y(u) = 462*u**2 + 15*u - 50. Suppose 5*p + 19 = 3*w + 5, w = p + 4. Is y(w) a composite number?
False
Let a(c) = 315*c**2 + 7*c - 13. Let q(m) = 5*m**2 - 71*m + 10. Let o be q(14). Is a(o) a prime number?
True
Let t be (-76)/9 - 24/(-54). Is (-2)/t*2*8746 a composite number?
False
Let d = -3897 + 6091. Suppose 313 = 2*n - 4*h - 1845, 2*n + 5*h = d. Is n composite?
False
Is (162/33)/27 + 301618/11 + -1 a composite number?
True
Suppose -640*a - 333218 = -642*a. Is a a prime number?
True
Is 5/35*21 + 30927 - 1/(-1) composite?
False
Is (3 - 5)/((-28)/(-56)) - -60033 composite?
False
Let p(a) = -a**2 - 21*a - 98. Let j be p(-10). Suppose -j*o + 3036 = -1416. Is o composite?
True
Let p(j) = 4*j**2 + 40*j - 13. Let t(v) = 7*v + 50. Let l be t(-10). Is p(l) a composite number?
False
Let l be (0 + 3)/((-7)/((-56)/(-12))). Let k(v) = -40*v**3 + 4*v**2 - 9*v - 17. Is k(l) a composite number?
False
Let s = -26101 - -125204. Is s composite?
False
Let a = 12989 - -920. Is a prime?
False
Let c = -209196 - -325355. Is c prime?
True
Let z = -489345 - -760204. Is z composite?
False
Let y(a) = 7*a + 15537 + 94*a**3 + 2*a**2 + 2662 - 95*a**3. Is y(0) a prime number?
True
Is (-666)/(-444) + -2*(-674462)/8 composite?
False
Is (-2)/(-4) - 4132170/(-84) a composite number?
False
Let z = -200 - -170. Is (3 - z/(-9))*(-3458 + 5) a composite number?
False
Let o be 57356/39*(-57)/(-2). Suppose 5*t - 11240 = -z, 0 = 4*z + 3*t - 3097 - o. Is z a composite number?
True
Suppose -15 = -61*h + 56*h. Suppose -3*m + 10166 = -m + h*w, 2*m + 2*w - 10170 = 0. Is m composite?
True
Let o be 6 + -2 - (-4 + 9 - 3). Suppose o*c = 8, g - 4*g - 4*c + 1015 = 0. Let w = 386 + g. Is w a prime number?
True
Suppose 32*v + 9192 = 34*v. Let t = 6442 - v. Is (-22)/(-55) - t/(-10) composite?
True
Let j(i) = -7*i**3 + 36*i**2 + 415*i - 37. Is j(-24) prime?
True
Suppose 13*n - 18*n + 35 = 0. Let f(o) = -4*o**2 + 5*o**3 - 9*o + 0*o**2 - 4 - 7 + 20*o. Is f(n) a composite number?
True
Let b = -2507 - -3647. Let x = 739 - b. Let f = 618 + x. Is f a prime number?
False
Let m(w) = 13*w**2 + 90*w + 1600. Is m(-47) a prime number?
False
Let d(u) = -u - 11. Let i be d(-8). Let t be (9/(-6))/(i/548). Is 5/(-2)*t/(-1) - 2 prime?
True
Let s = 16363 + -4896. Is s a composite number?
False
Suppose 108*x + 143 - 30 - 5 = 0. Let v(a) be the second derivative of -321*a**5/5 + a**4/12 - a**3/6 - 3*a**2/2 - a. Is v(x) a composite number?
False
Suppose 8043985 = 150*w + 13*w + 22*w. Is w prime?
True
Let g = -77 - -79. Suppose 4*z = w + 7, 5 - g = w + z. Is -4 - ((-1885)/10 - w/2) prime?
False
Suppose 35*z + 1536675 = 74*z - 1933116. Is z prime?
True
Let g(b) = -11*b**3 + 2*b**2 + 3*b + 13. Let f(c) = -21*c**3 + 4*c**2 + 7*c + 26. Let p(x) = 6*f(x) - 11*g(x). Let s be ((-8)/20)/((-2)/(-20)). Is p(s) prime?
False
Suppose -1 = 3*q + 4*i - 3, 2*q = 5*i + 9. Suppose q*h - 13810 = -2*g - 0*h, 4*g = 4*h + 27636. Is g prime?
True
Let g = 107043 - -327604. Is g a composite number?
False
Let g(o) = 194*o**3 + 23*o**2 - 104*o + 14. Is g(11) a composite number?
False
Suppose -15 = -6*j - 63. Let c be (-6)/(-8) + (-34)/j. Suppose -7329 = -3*v - 4*a, 2*v = -c*a + a + 4882. Is v a prime number?
True
Suppose -3*f = 4*i - 0*i + 250, -2*i - 3*f - 122 = 0. Let n = i - -61. Is n - (-2 - 3)*(-1254)/(-15) composite?
True
Let i = 959 + -602. Let g(s) = s**3 - 16*s**2 - 16*s - 14. Let a be g(17). Suppose 0*l + 593 = a*l + 4*d, 2*l - 5*d - i = 0. Is l prime?
True
Is ((-77177)/213)/((-3)/45) a composite number?
True
Let z(d) = 895*d**3 - 48*d**2 + 58*d + 2. Is z(13) a prime number?
True
Suppose 4*t = 244 - 236. Suppose 0 = -t*p - 3*p + 21325. Is p a prime number?
False
Let j(x) be the first derivative of x**5/60 + x**4/6 + 211*x**3/6 + 4*x**2 - 2. Let q(b) be the second derivative of j(b). Is q(0) composite?
False
Suppose 32*j - 38*j = 17448. Let f = j - -8869. Is f a prime number?
False
Let v(y) = y**3 - 27*y**2 + 35*y - 2. Let o be ((-27)/21 - -1) + 764/28. Is v(o) a prime number?
False
Let l(r) = 15*r - 4. Let u 